 + 11. What is i(4)?
-9
Let o(j) = -j**3 + 13*j**2 - 2*j + 30. Calculate o(13).
4
Let a(r) = -r**2 - 9*r - 9. What is a(-8)?
-1
Let b(j) = 6*j + 163. Determine b(-27).
1
Let b(w) = 30*w - 23. Give b(4).
97
Let v(u) = -5*u - 5. Give v(-1).
0
Let i(p) = -2*p - 4. Give i(-3).
2
Let b(m) = -30*m**2. Calculate b(-1).
-30
Let q(g) = -36*g**2. Determine q(1).
-36
Let y(w) = -w - 15. Calculate y(4).
-19
Let i(b) = b**2 + 14*b - 10. Calculate i(-15).
5
Let s(q) = 3*q + 34. Give s(-9).
7
Let r(n) = -41*n + 21. What is r(-4)?
185
Let g(v) = -2*v**2 - 10*v - 4. Determine g(-6).
-16
Let w(n) = -5*n - 1. Determine w(-1).
4
Let q(d) = -d**2 + 3. What is q(-5)?
-22
Let r(a) = -a**3 - 20*a**2 + 2*a + 19. Determine r(-20).
-21
Let c(n) = -n**3 + 6*n**2 + 19*n - 10. What is c(8)?
14
Let g(v) = v**3 + 3*v**2 - 5*v - 2. Determine g(-4).
2
Let c(q) = -q**3 + 9*q**2 + 8*q - 7. What is c(10)?
-27
Let q(p) = 11*p - 136. Determine q(14).
18
Let c(t) = 8*t - 14. Give c(7).
42
Let d(q) = -28*q + 487. What is d(17)?
11
Let k(h) = 3*h - 13. What is k(11)?
20
Let t(k) = 48*k**3 + k - 1. What is t(1)?
48
Let z(u) = 2*u**2 - 15*u - 18. Calculate z(9).
9
Let d(j) = j**3 + 20*j**2 + 35*j - 6. Determine d(-18).
12
Let v(t) = -t - 7. What is v(-16)?
9
Let p(i) = -i**3 + 4*i**2 + 4*i + 6. Calculate p(5).
1
Let d(t) = 7*t**3 - t. Determine d(-1).
-6
Let u(j) = -2*j**2 + 4*j - 7. Determine u(-4).
-55
Let u(m) = -10*m + 29. Give u(4).
-11
Let j(c) = -5*c**2 + c + 2. What is j(-1)?
-4
Let g(v) = 6*v**2 + 5*v + 6. Give g(-3).
45
Let c(n) = n + 9. Calculate c(0).
9
Let a(p) = -p**2 + 31*p + 11. Determine a(30).
41
Let x(n) = n**3 + 10*n**2 + 8*n - 2. Give x(-9).
7
Let k(j) = -j**3 - 14*j**2 - 18*j + 57. Give k(-12).
-15
Let k(i) = i**3 - 7*i**2 + 7*i - 3. What is k(4)?
-23
Let b(p) = -p**3 + 57*p**2 + 3*p - 190. What is b(57)?
-19
Let s(j) = -j**3 + 7*j**2 + 9*j - 2. Determine s(9).
-83
Let i(n) = n**3 - 6*n**2 + 5*n - 6. Determine i(4).
-18
Let h(s) = 4*s + 39. What is h(-9)?
3
Let x(a) = 29*a**3 - a**2 + 4*a + 4. Calculate x(-1).
-30
Let m(w) = w**3 + 41*w**2 + 42*w + 56. Give m(-40).
-24
Let t(w) = -7*w - 35. What is t(-8)?
21
Let d(u) = -u**3 + 12*u**2 - 40*u + 19. Determine d(6).
-5
Let b(o) = -2*o**2 - 10*o + 10. What is b(-9)?
-62
Let x(o) = 2*o**2 + 12*o - 12. Calculate x(-8).
20
Let a(d) = d**3 - 9*d**2 + 16*d + 2. Determine a(6).
-10
Let r(o) = o**2 - 9*o - 3. Calculate r(10).
7
Let n(y) = -y**2 - 14*y - 8. Determine n(-6).
40
Let z(i) = -2*i**2 - 1. Calculate z(-1).
-3
Let g(f) = f**2 - 13*f - 12. Give g(14).
2
Let u(x) = -x**2 + 13. What is u(4)?
-3
Let t(z) = z**3 - 33*z**2 - 31*z - 92. Give t(34).
10
Let a(i) = 4*i + 9. What is a(0)?
9
Let g(n) = -n - 6. Calculate g(3).
-9
Let b(d) = 4*d + 36. Give b(-10).
-4
Let q(w) = 4*w - 21. What is q(6)?
3
Let d(r) = -6*r - 19. Determine d(-11).
47
Let i(u) = -u**2 + 7*u + 7. What is i(7)?
7
Let b(w) = -w**3 + 5*w**2 - 3*w. Give b(2).
6
Let x(c) = c**3 + 5*c**2 + c - 3. Give x(-5).
-8
Let m(r) = r**2 + r - 16. Determine m(-10).
74
Let l(u) = -3*u**2 + 3*u - 7. Calculate l(0).
-7
Let k(b) = -b**3 - 7*b**2 + 6*b - 10. Determine k(-8).
6
Let h(o) = 2*o**2 + 2*o - 1. What is h(2)?
11
Let y(m) = m + 8. What is y(0)?
8
Let b(n) = n**2 + 13*n. What is b(-13)?
0
Let i(j) = -j**3 - 11*j**2 + 12*j - 5. Give i(-12).
-5
Let h(a) = -5*a**3 + 2*a**2 - 7*a - 1. Calculate h(3).
-139
Let v(q) = -q**3 - 11*q**2 - 7*q + 11. Give v(-10).
-19
Let w(f) = f**3 + 8*f**2 + 8*f + 3. Calculate w(-7).
-4
Let t(f) = -2*f - 4. Give t(-5).
6
Let l(c) = -11*c - 8. Calculate l(-2).
14
Let j(t) = t**3 + 3*t**2 - 44*t - 25. Calculate j(-8).
7
Let t(x) = 42*x + 17. What is t(-1)?
-25
Let w(m) = -3*m**2 + 4*m + 8. Determine w(-4).
-56
Let g(j) = -j**2 + 4*j + 2. What is g(6)?
-10
Let n(v) = v**3 - 8*v**2 + 8*v + 5. Give n(6).
-19
Let k(y) = 2*y + 19. Calculate k(-11).
-3
Let w(p) = -p**2 + 23*p + 39. Determine w(24).
15
Let l(s) = 3*s - 23. Determine l(15).
22
Let k(l) = -l**2 - 12*l - 21. Give k(-6).
15
Let c(y) = -y + 10. Determine c(9).
1
Let b(c) = -c**2 - 21*c - 105. Calculate b(-7).
-7
Let c(n) = -n - 56. Calculate c(0).
-56
Let c(j) = j + 7. Determine c(5).
12
Let w(n) = -3*n**3 + n + 2. Give w(-3).
80
Let v(w) = -89*w + 1149. Calculate v(13).
-8
Let n(z) = 3*z**2 - 26*z + 5. Calculate n(8).
-11
Let m(i) = -i**2 - i + 109. Determine m(0).
109
Let y(c) = -c**2 + 5*c - 7. Determine y(6).
-13
Let p(k) = k**3 + 7*k**2 + 8*k - 8. What is p(-5)?
2
Let r(t) = t**3 - 31*t**2 - 67*t + 40. Calculate r(33).
7
Let r(u) = 6*u**2 + 2*u. Calculate r(-2).
20
Let s(w) = 65*w + 54. Determine s(-1).
-11
Let f(w) = -w**3 - 6*w**2 + 4*w + 9. Determine f(-6).
-15
Let l(q) = 2*q**3 + 6*q**2 + 19*q + 60. Calculate l(-3).
3
Let p(n) = 2*n**3 - 23*n**2 - 14*n + 24. What is p(12)?
0
Let c(m) = -m**3 + 4*m**2 + 2*m - 12. What is c(-2)?
8
Let o(l) = 2*l**2 + 48*l + 132. Determine o(-3).
6
Let l(u) = -2*u**2 - 2*u - 3. Give l(-2).
-7
Let c(f) = f**2 + 10*f - 12. What is c(-9)?
-21
Let f(u) = -17*u + 188. Give f(11).
1
Let m(a) = 25*a + 66. What is m(-7)?
-109
Let o(t) = -t**3 - 10*t**2 - 10*t + 9. Calculate o(-9).
18
Let n(b) = -b**3 - 16*b**2 - b - 10. What is n(-16)?
6
Let a(c) = -c**2 + 21*c + 293. Determine a(32).
-59
Let y(j) = 3*j + 31. Give y(-9).
4
Let i(m) = -m**3 - 3*m**2 + 20*m + 11. Calculate i(-6).
-1
Let a(m) = -m**3 - 3*m**2 + 4*m - 13. Give a(-5).
17
Let y(d) = d**2 - 4*d - 26. Determine y(9).
19
Let a(r) = -r**2 + 12*r + 8. What is a(0)?
8
Let d(b) = -3*b + 4. Give d(9).
-23
Let y(t) = 10*t - 128. Determine y(15).
22
Let l(p) = -2*p - 8. Determine l(-6).
4
Let o(a) = a**3 - 10*a**2 + 10*a - 5. Determine o(8).
-53
Let d(c) = -14*c - 44. What is d(-3)?
-2
Let a(n) = -n**2 + 18*n + 4. Determine a(7).
81
Let x(g) = -g - 8. What is x(-14)?
6
Let x(n) = -2*n**2 + 10*n + 22. Calculate x(7).
-6
Let x(r) = -r**3 - 6*r**2 + 19*r + 36. Give x(-8).
12
Let k(q) = -q**3 + q**2 - q + 3. Calculate k(-4).
87
Let b(f) = -5*f**2 + 4*f - 39. Determine b(0).
-39
Let y(j) = -23*j**2. What is y(-1)?
-23
Let k(m) = 3*m + 14. What is k(-8)?
-10
Let k(i) = -4*i + 9. What is k(-6)?
33
Let f(g) = -g**3 + 4*g**2 + 5*g + 12. Determine f(5).
12
Let n(k) = k**2 + 4*k - 2. What is n(-5)?
3
Let m(l) = l**2 + 51*l - 351. Calculate m(6).
-9
Let g(l) = l**3 - 22*l**2 - 27*l - 26. Determine g(23).
-118
Let g(i) = i**3 - 8*i**2 - 7*i - 13. Calculate g(9).
5
Let j(z) = -3*z**3 + 15*z**2 + 22*z - 15. Give j(6).
9
Let f(r) = -r**3 + 35*r**2 - 122*r - 74. Calculate f(31).
-12
Let a(g) = -79*g - 2. Calculate a(-1).
77
Let i(m) = -3*m**2 + 8*m + 49. What is i(10)?
-171
Let k(h) = -h**3 + 6*h**2 - 2*h - 3. Give k(6).
-15
Let p(s) = s**3 + s**2 + 3*s + 1. Determine p(-3).
-26
Let w(a) = -7*a - 19. Calculate w(-8).
37
Let l(d) = 2*d**3 - 8*d**2 - 23*d + 78. Calculate l(3).
-9
Let p(m) = -3*m + 22. Determine p(9).
-5
Let a(r) = 4*r - 128. Give a(32).
0
Let i(n) = 2*n**2 + 14*n + 19. Give i(-5).
-1
Let w(u) = 8*u**3 + 49*u**2 + 4*u - 7. Give w(-6).
5
Let s(q) = 2*q**2 + 21*q + 20. What is s(-9)?
-7
Let a(o) = -2*o**2 + 5*o + 7. What is a(-2)?
-11
Let k(r) = -r + 15. Give k(9).
6
Let x(p) = 14*p**2 - 3*p - 2. What is x(-1)?
15
Let j(f) = 2*f**3 + 37*f**2 - 13*f - 19. Give j(-19).
-133
Let l(t) = -13*t**2 + 3*t - 1. What is l(2)?
-47
Let z(x) = x**3 - 7*x**2 - 2*x - 1. Calculate z(7).
-15
Let y(f) = 42*f**3 + 251*f**2 - 9*f - 26. Determine y(-6).
-8
Let d(o) = 4*o - 2. Calculate d(-9).
-38
Let x(c) = c**3 - 6*c**2 - 5*c - 4. Calculate x(7).
10
Let l(b) = b**2 + 4*b + 7. Give l(-6).
19
Let b(z) = z**3 + 7*z**2 + 6*z + 1. Calculate b(-6).
1
Let u(d) = -3*d - 7. Determine u(7).
-28
Let n(a) = a**2 + 16*a + 45. What is n(-14)?
17
Let o(v) = 2*v - 25. Determine o(7).
-11
Let j(p) = p**3 + 5*p**2 + 2*p. Determine j(-1).
2
Let c(r) = 2*r**2 - 8*r + 14. Give c(7).
56
Let j(r) = -r - 1. Give j(-3).
2
Let g(l) = l**3 - 12*l**2 - l - 1. Give g(12).
-13
Let h(z) = -z - 15. What is h(13)?
-28
Let x(m) = -m**3 - 51*m**2 - 98*m + 4. Calculate x(-49).
4
Let l(t) = t**3 - 7*t**2 + 4. What is l(7)?
4
Let t(q) = 13*q + 115. Give t(-8).
11
Let v(w) = 10*w**2 + 18*w + 2. What is v(-2)?
6
Let p(f) = f**2 + 2*f - 7. Determine p(3).
8
Let i(b) = b**3 + 7*b**2 + 3*b - 5. Calculate i(-4).
31
Let p(d) = -3*d**2 + 6*d + 5. Determine p(-1).
-4
Let y(